x) + y(x). Let q be 62/12 + (-24)/144. Determine w(q).
12
Suppose k - 86 = -16. Let q be (-1 - (1 - 24/10))*k. Let f = -29 + q. Let w(n) = -3*n**2 - n. Calculate w(f).
-2
Let y(b) = -b**3 + 36*b**2 - 312*b - 59. Let m be y(21). Let k(t) be the second derivative of 5/2*t**2 - 3/2*t**3 - 23*t + 0 + 1/12*t**m. Determine k(9).
5
Let z = -1096 + 1100. Let x(a) = 4*a**2 - 10*a + 1. What is x(z)?
25
Let y(k) = -k**3 + 8*k**2 - 7*k - 1. Let v(w) = w**3 + 21*w**2 + 22*w + 47. Let c be v(-20). Suppose c*s = 2 + 47. Calculate y(s).
-1
Let u(y) be the first derivative of 3*y**4 - 2*y**3/3 + y**2 - y - 117. Give u(1).
11
Let z(j) = 3*j + 57. Let m be z(-19). Suppose 21 = -t - 4*p, m = -5*t + 6*t + 3*p + 16. Let u(c) = -2*c. Calculate u(t).
2
Let d(r) = -r**2 + 9*r + 1. Suppose -8*v - 285 = -3*v. Let z(n) = 2*n**2 + 111*n + 6. Let o be z(-55). Let w = o - v. Give d(w).
9
Let x(c) = -8*c**2 - 8*c + 11. Let v(d) = -d**2 + d. Let m(o) = 3*v(o) + x(o). Let h(l) = 9*l**2 + 5*l - 10. Let b(i) = -5*h(i) - 4*m(i). Calculate b(-5).
6
Suppose -k + t = 18, t - 3*t + 23 = -k. Let y be 3*-1 + (k - -19). Let a(s) = 4*s. Let r(x) = 4*x - 1. Let b(j) = -3*a(j) + 2*r(j). What is b(y)?
-14
Suppose 110*z + 162 = 101*z. Let k(g) = g**2 + 19*g + 22. Calculate k(z).
4
Let l(v) = -9305*v - 4 + v**2 + 9291*v + 4 - 9. Determine l(14).
-9
Let y(z) = -4*z**3 - 31*z**2 - 331*z - 14. Let l(v) = -5*v**3 - 27*v**2 - 331*v - 14. Let g(r) = -3*l(r) + 4*y(r). What is g(-10)?
-4
Let r(g) be the second derivative of -g + 5/6*g**3 - 1/12*g**4 + 0 + 3/2*g**2. Let h be (-8)/12 - (50/(-3) + (117 - 105)). What is r(h)?
7
Let d(g) = g**3 - 5*g**2 + 5*g - 6. Let u be ((0 - 3) + 6)*11. Let a = -27 + u. Let b be -3 + (-6)/(a/(-7)). What is d(b)?
-2
Suppose -5*k = 26*k + 36 + 739. Let h(o) = -2*o**2 - 52*o - 38. Calculate h(k).
12
Let i be 1*(2 - (0/(-1) - 2)). Let b be i*((-335)/20 + -3). Let u = b + 84. Let v(n) = n**3 - 5*n**2 - 2*n + 2. Give v(u).
-8
Let c(l) = 13*l - 48. Let a = -7458 + 7463. Calculate c(a).
17
Let q(n) = -76*n + 207*n - 58*n - 67*n + 5. What is q(-9)?
-49
Let l(p) = p + 1. Let y(v) = -6*v**3 + 4*v**2 - 7*v - 6 + 12*v - 9*v**3 + 14*v**3. Let x be y(-2). Give l(x).
9
Let l be 58/(-5) - ((-40)/25 + 2). Let a(f) be the second derivative of -f**5/20 - f**4 + f**3/6 + 4*f**2 + 5*f + 24. Give a(l).
-4
Let x(v) = v**2 - 4*v + 3. Let j = 1438 + -1435. Give x(j).
0
Let b(v) = -v**3 + 4*v**2 - 5*v + 6. Suppose -5*j + 27 = 16*s - 15*s, 2*j = s - 27. Suppose -s = -53*k + 44*k. Determine b(k).
0
Let d(s) = s**3 - 15*s**2 - 35*s + 22. Let x(l) = 8*l**2 - 40*l - 31. Let p be x(6). Determine d(p).
5
Let m(v) = 5*v**2 + 2*v + 1. Let q be m(-1). Let c(d) = -3*d - 5 + q - d. Let k(u) = -39*u - 467. Let r be k(-12). Calculate c(r).
-5
Suppose -1 = 4*l - 25. Let u be (l + -9)*(-3 + 1 + 1). Suppose u*m - j = 14, -10 + 3 = -4*m - j. Let r(w) = -w**2 - 2*w - 2. Give r(m).
-17
Let w(c) = -16*c - 243 + 66 + 61 + 59 + 70. What is w(-6)?
109
Let u(w) = w**3 + 8*w**2 - 10*w + 1. Let a be ((-4)/28)/((-4)/28)*-9. What is u(a)?
10
Let g be 18 - 4*3/3. Let z(x) = x**3 - 13*x**2 - 15*x + 17. Let p be z(g). Let s(r) = 26*r + 2*r**2 - 27*r + 0*r**3 + r**p. Determine s(-3).
-6
Let q(c) = 121*c + 125*c - 396*c + 8*c**2 + 2 + 134*c + 0*c**3 + c**3. Calculate q(-10).
-38
Let d(y) = -y**3 - 8*y**2 - 2*y + 2. Suppose 78*m = -105 - 519. Determine d(m).
18
Let z(g) = 3*g**2 + 175*g - 51. Let a(o) = 4*o**2 + 228*o - 67. Let d(l) = 10*a(l) - 13*z(l). Let b(n) = n**2 - 8*n. Let f be b(7). Determine d(f).
7
Let p = 25 + -27. Suppose 16 - 32 = -4*m. Let k(s) = -m + 2*s + 5 - 4*s**2 - 9*s - s**3 + 5*s. Give k(p).
-3
Let z(i) = -i**2 - 6*i - 28. Suppose -2*l = 3*y + 13, -4*l - 59 = -123*y + 118*y. Calculate z(l).
-83
Let n(m) = 6*m**2 + 3*m - 2. Let u(p) = -1 + 3*p**2 - 2*p + 7*p - 3*p. Let t(a) = 3*n(a) - 5*u(a). Suppose -5*h = -4*l - 43, -197 + 202 = l + h. Determine t(l).
13
Suppose 100*c + 346 + 254 = 0. Let w(v) = -3*v**3 - 18*v**2 - 6*v - 5. Determine w(c).
31
Let i(g) = g**2 - 3*g + 1. Let d(r) = -r**2 - 2*r + 8. Let u = 139 - 139. Suppose 0 = 3*x - u*x + 2*z - 1, 3*z = 15. Let a be d(x). Determine i(a).
11
Let m be (0 - (-18)/6) + 0. Suppose 5*k - n + 0*n = m, 0 = k + n - 3. Let f(i) = -5*i**2 + 3*i - 3. Give f(k).
-5
Let x(h) be the first derivative of -h**2 - 5*h + 1. Suppose 0*v + 5*v = -5*n, -n = -v. Suppose v = -24*k + 83 + 13. Give x(k).
-13
Let g(x) = -5*x - 44. Let v(b) = -b**3 + 14*b**2 - 10*b + 128. Let w be v(14). Determine g(w).
16
Let c(s) be the first derivative of s**4/4 + 3*s**3 + 7*s**2/2 - 2*s - 7. Let q(a) = -17*a + 26. Let w be q(2). Calculate c(w).
6
Let l be 2/(-12) + (1950/(-36))/(-25). Suppose -l*d - 3*z = 26, z = -z. Let t(k) = k**3 + 12*k**2 - 13*k + 2. Calculate t(d).
2
Let x(z) = 3*z. Suppose 0 = 14*n - 15*n + 4*l - 118, 0 = -2*n + 5*l - 227. Let r = -107 - n. Give x(r).
-3
Let x(r) = -20*r**2 + r + 123. Suppose -19 = -3*d + 10*a - 9*a, -2*d - a = -11. Let g(y) = -7*y**2 + 43. Let q(s) = d*x(s) - 17*g(s). What is q(8)?
-9
Let j(c) = -3*c**2 + 4*c + 2. Let n(v) = -3*v - 407*v**2 + 409*v**2 - v + 3 - 5. Let r(s) = 6*j(s) + 7*n(s). What is r(-2)?
-10
Let z(g) = g**2 - 3*g. Let i(w) = 20*w**2 - 20*w - 8. Let d(j) = -i(j) + 6*z(j). What is d(-2)?
-52
Let f(y) = -4*y + 15. Let c be (1 - 2)/(-12 + 2815/235). Suppose 83 = 6*k + c. Give f(k).
-9
Let s(w) be the second derivative of w**3 + 0 - 7/2*w**2 + 35*w. Calculate s(5).
23
Let q(j) = -7*j - 5. Let o(u) = u + 1. Let y = -68 - -85. Suppose -y*k = -15*k + 8. Let z(g) = k*o(g) - q(g). Calculate z(-1).
-2
Let j be (10/(-20) - 3/(-2))*1. Let b be (1 + -2)*((-5)/j - -8). Let i(l) = -l**2 - l + 1. Determine i(b).
-5
Let x = 12 + -9. Let r(b) = 22*b - 20*b + 17 + b**3 + 2*b**2 - 9*b**2 - 2*b**x. Let i be r(-7). Let j(t) = t. Determine j(i).
3
Let o(x) = -2*x - 7. Suppose -4*f - t + 1335 = 0, -675 = -2*f - t + 2*t. Suppose 24 = -341*k + f*k. Calculate o(k).
1
Let r(c) = -c + 1. Let w(v) = 215 + 2*v**2 - 200 - 3*v**2 - 13*v. Let j(n) = -5*r(n) + w(n). Calculate j(-9).
1
Let a(r) = -4 - 40356*r + 40360*r + 0 + 1. Determine a(-6).
-27
Let o(j) = -j**3 + 4*j**2 + 4*j + 4. Let v = -189 + -225. Let y = v + 420. Determine o(y).
-44
Let v = 3983 - 3988. Let n(t) = t**2 + t - 21. What is n(v)?
-1
Let d = -6322 - -6331. Let g(r) = r**2 - 5*r - 2. What is g(d)?
34
Let m(z) be the third derivative of -z**6/120 - z**5/10 - z**4/24 - z**3/3 + 108*z**2 - z. Let d be 4/(-8) + (-7)/2. Let k be (-2 + 0)*(-10)/d. What is m(k)?
-22
Let j(a) be the first derivative of -a**3/3 - a - 1. Let b be 27/(-117)*(-78)/18. Give j(b).
-2
Let s(m) = -10*m - 18*m - 314*m**2 + 169*m**2 + 144*m**2 + 113. Determine s(-32).
-15
Suppose -6*v + 3*v = -2*h + 18, -4*v = 2*h + 10. Let o(t) = 0*t**3 - 6 + 9*t + 12 + t**3 - 3*t**h + 3*t**3 + 10*t**2. What is o(-9)?
6
Let c(g) = g**3 - 4*g**2 - 9*g - 2. Suppose -22*f - 130 = -51*f + 44. Calculate c(f).
16
Let w(j) = -4407 - 17*j + 4398 + 5*j. Determine w(-1).
3
Let l(f) be the second derivative of -f**5/20 + f**4/12 + f**3/6 + 5*f**2/2 - 5*f. Suppose g = -3*r - 545 + 547, 0 = -2*r + 3*g - 6. Determine l(r).
5
Let u(k) be the first derivative of k**5/40 + k**4/6 + k**3/3 + 9*k**2/2 - 26. Let s(t) be the third derivative of u(t). Let l = -14 - -20. What is s(l)?
22
Let r(f) = -8 - 31 - 8 - 9 - 14 + f + 64. Suppose 0 = p + 3*p. Determine r(p).
-6
Let j(z) = 0*z**2 - 10 - 165 - 78 + 37*z + z**2. Determine j(-43).
5
Let q(p) = 9*p + 47 - 42 - 3*p**2 - 4*p + 4*p**2. Let f be 5 + 0/(-6) + -10. Determine q(f).
5
Let k(r) = 43*r**3 + 29*r**2 + 61*r + 173. Let s(g) = -99*g**3 - 68*g**2 - 142*g - 404. Let n(j) = -23*k(j) - 10*s(j). What is n(-12)?
1
Suppose 3*j + 0*j + 29 = 4*s, -4*s + 4*j + 28 = 0. Let k(r) = 5*r**2 + 13*r. Let f(g) = 2*g**2 + 7*g - 1. Let z(u) = 7*f(u) - 3*k(u). Calculate z(s).
9
Let b(p) = -13*p**2 - 120*p - 15. Let u be b(-9). Suppose 43*j + 55 = u. Let l(q) be the third derivative of -11*q**4/24 - q**3/6 - q**2. Determine l(j).
10
Let w be (6/4)/((-5)/(-60)*9). Let z(k) = -w*k - 4 - k + 1 - 5*k. What is z(-2)?
13
Let m = 128 + -125. Let h(d) = 7*d - 19. Let l be h(m). Let y(g) = -l*g**2 + 6*g**2 + g**2 - 4*g**2 - g + 2. Calculate y(2).
4
Let f(t) = -t**2 + t + 75. Suppose -5*z + 47 = 3*k + k, -5 = 2*k - 7*z. What is f(k)?
19
Let j(v) = v*